/2 - (55 - 61) is divided by 115.
16
Suppose -6600*m = -6604*m + 304. What is the remainder when 2354 is divided by m?
74
Suppose 53*m + 8*m - 7315 + 117 = 0. What is the remainder when 242 is divided by m?
6
Let s = -38 - -77. Suppose 238*t - 235*t - s = 0. Calculate the remainder when 60 is divided by t.
8
Suppose 175*d = 192*d - 4369. Calculate the remainder when d is divided by 8.
1
Let u = -8 + 14. Suppose -4*t + 90*j - 87*j = -52, -4 = j. What is the remainder when t is divided by u?
4
Let j(a) = -33*a - 315. Let v be j(-10). Suppose 2*b - 5*p - 33 = v, -93 = -3*b - 3*p. Calculate the remainder when 693 is divided by b.
26
Calculate the remainder when 12/(-2) - -1662*7/(-21)*-1 is divided by 110.
108
Suppose -8*c + 11*c - 21 = 0. Suppose -5*p = -c*p - 42. Let i = p + 28. What is the remainder when 27 is divided by i?
6
Suppose 2*u + u = 69. Suppose 5*x - 11 - 4 = 0, -5*r - 19 = -3*x. Calculate the remainder when (6 + 14/r)*-37 - 6 is divided by u.
8
Suppose -2*p - 3*p - 6647 = -28*p. What is the remainder when p is divided by 76?
61
Let q(i) = i**3 - 31*i**2 + 5*i - 108. Suppose 30*n - 429 = 501. Let f = 34 - 24. What is the remainder when q(n) is divided by f?
7
Let w(g) = -54*g + 8. Suppose 0 = -d - r + 5, 4*d - 9*d + 2*r = -25. Let m(t) = 7*t - 11. Calculate the remainder when w(-1) is divided by m(d).
14
Calculate the remainder when (-46)/(-69)*309/2 is divided by 18/(-45)*(-130)/2.
25
Let d = -15 - -15. Suppose -6*q + 1332 - 108 = d. Suppose 2*z - q = -4*z. Calculate the remainder when z is divided by 18.
16
Suppose 7*t - 104 = 11*t. Let h = t + 26. Suppose 3*p = -3*m + 6*m + 144, -2*p - 2*m + 108 = h. What is the remainder when 200 is divided by p?
47
Let t(z) = -z**2 - z + 205. Let n be t(0). Suppose -24*r = -n - 827. What is the remainder when 85 is divided by r?
42
Let t be ((-2)/4)/(11655/3888 - 3). Suppose 6*h = -12*h + t. What is the remainder when 46 is divided by h?
10
Let o = -17 + 20. Suppose y = -0*y + o*a - 8, -a = -4. Suppose -y*x + 4*n + 124 = 0, 4*x - 125 = n + 4*n. What is the remainder when 56 is divided by x?
26
Suppose -2*t - 196 = -15*j + 12*j, -4*j + 262 = -2*t. Calculate the remainder when j is divided by 12.
6
Let c = 53 - -22. Let t be (39/(-9))/(2/6). Let l(p) = -p**2 - 13*p + 11. What is the remainder when c is divided by l(t)?
9
Let m = -7140 - -7147. Calculate the remainder when 440 is divided by m.
6
Let z(u) = 201*u. Let s(t) = 604*t - 1. Let x(c) = -2*s(c) + 7*z(c). What is the remainder when x(1) is divided by 51?
48
Suppose 46 = 14*g - 15 + 19. Let d be 0*(0 + (-2)/(-4)). Suppose -g*l = -d*l - 147. Calculate the remainder when l is divided by 27.
22
Let c(u) = 53*u - 235. Calculate the remainder when c(12) is divided by 131.
8
Let r = -6652 - -6704. What is the remainder when 483 is divided by r?
15
Suppose -3*g = -5*k + 28, 0 = 5*k - 2*g + 1894 - 1916. What is the remainder when 229 is divided by k?
1
What is the remainder when (-478 + -1)*(-6 + 49/(-7)) is divided by 89?
86
Suppose 5*u + 109 = 2*s, 5*u = -5*s + 106 + 184. Let i = s - 189. Let c = i + 146. Calculate the remainder when 80 is divided by c.
10
Suppose -2*r = -5*h - 43 - 33, 152 = 4*r - 5*h. Let k be 2/26*0 - (-1 + 17). Let f = k + r. Calculate the remainder when f is divided by 6.
4
Calculate the remainder when 794 is divided by (54/8)/((18/(-48))/((-54)/4)).
65
Suppose -2*x + 2*u = -10, 4*x + u = 6*u + 21. Let p = -1 + 8. Calculate the remainder when p is divided by 1/1 - (x + -3)*-3.
3
Let q be (936/20 - -2)/(1/(-5)). Let r = -104 - q. What is the remainder when r is divided by 36?
32
Suppose n - 14 = 3*d, 4*n - 14 - 2 = 2*d. Suppose 2*p - 2 = -0. Calculate the remainder when n is divided by p.
0
Suppose 18*b + 12 = 21*b. Let k(o) = 6*o**2 - o + 9. Let y be k(b). Let j = y + -50. What is the remainder when j is divided by 18?
15
Let t = 77 - 74. Suppose -t*u + 80 = -2*u. Let p = u - 52. What is the remainder when 136 is divided by p?
24
Suppose 0 = -5*r + 59 - 314. Let x = 17 - r. Calculate the remainder when x is divided by (-1)/(-7)*-3 - (-6716)/644.
8
Suppose -265 = -f + d, f - 261 = -40*d + 43*d. What is the remainder when f is divided by 55?
47
Suppose -326765*w = -326737*w - 2716. What is the remainder when w is divided by -1 - -2 - -22 - -3?
19
Let k(t) = -60*t - 6. Suppose 133*f - 135*f = 6. Calculate the remainder when k(f) is divided by 16.
14
Let u = 252 + -223. Let n = -21 + u. What is the remainder when 8 is divided by n?
0
Let z(l) = -6*l**2 + 40*l - 7. Calculate the remainder when z(6) is divided by (73/6 - 1/6) + 1.
4
Let g = 19 + -44. Let m = g + 112. Suppose -25*a + 23*a = -36. Calculate the remainder when m is divided by a.
15
Let n = -374 + 384. What is the remainder when (-1 - (-94)/n)/((-34)/(-595)) is divided by 37?
36
Let j(c) = -2*c**2 - 3*c - 2. Let b be j(-2). Let p be (931/35 + b/(-10))*2. Suppose -4*q + 102 = -p. Calculate the remainder when 153 is divided by q.
36
Let k = 40 - 23. Calculate the remainder when 60 - (1184/(-111) - 10/(-6) - -10) is divided by k.
8
Let r = 8 - 2. Let d = -1945 - -2073. Suppose r*f - 2*f = d. Calculate the remainder when 221 is divided by f.
29
Let l be 37/3 + (-3 - -1)/6. Let w(n) = -n**3 + 12*n**2 + 14*n - 52. What is the remainder when w(l) is divided by 9?
8
Let y = 429 + -431. Calculate the remainder when (-10)/(((-26)/442)/(y/(-4))) is divided by 11.
8
Let j = 2941 + 1202. What is the remainder when j is divided by 148?
147
Suppose 238 = 4*s - 66. Suppose -4*h = -8*h + s. Suppose 95 = -5*f + 555. Calculate the remainder when f is divided by h.
16
What is the remainder when -2 + -3*(-9383)/33 is divided by 19?
15
Suppose -516 = -13*w + 173. Calculate the remainder when w is divided by 36.
17
Suppose 0 = -4*q + 1919 - 1907. What is the remainder when 104 is divided by q?
2
Let z(c) = -22*c - 36. Let g(r) = -r**3 - 21*r**2 + 43*r - 54. Calculate the remainder when z(-9) is divided by g(-23).
12
Let x(i) = -57*i - 411. Let o be x(-9). Let q = 22 - 12. Suppose -18 = -q*c + o. Calculate the remainder when 54 is divided by c.
6
Let q = 2173 - 2108. Calculate the remainder when 8578 is divided by q.
63
Let f = 4121 + -3664. Calculate the remainder when f is divided by 28.
9
Let h(z) = 2*z**2 + z + 3. Let c(f) = 2*f**3 - 9*f**2 - 4*f - 8. Suppose -9*v = -10*v + 5. Let a be c(v). Calculate the remainder when 35 is divided by h(a).
17
Let q(t) = -44*t + 1294. What is the remainder when 2699 is divided by q(26)?
149
Let p = 6099 - 6069. Calculate the remainder when 174 is divided by p.
24
Let h = 3611 + -3476. Calculate the remainder when 288 is divided by h.
18
Let d(f) = -12*f - 6. Let x be d(-5). Let m be -189*(-3)/(81/18). Suppose -5*t = -z + x, -m = -3*z - 3*t + 126. What is the remainder when z is divided by 16?
15
Let h = 1 + -296. Let j = h - -324. Calculate the remainder when 93 is divided by j.
6
Let x(v) = 8*v**2 + 89*v - 40. Let b(p) = 6*p**2 + 90*p - 41. Let f(w) = 3*b(w) - 2*x(w). Calculate the remainder when f(-47) is divided by 18.
15
Suppose -c = w - 457, -1409 = -5*c + 5*w + 846. What is the remainder when c is divided by 79?
59
Let b = -220 + 248. Let o = 102 + b. Calculate the remainder when o is divided by 56.
18
Suppose 2*c - 6 = 0, -2*c = 2*q - c - 573. Let w = q - 175. Calculate the remainder when w is divided by 24.
14
Suppose -5*x = -2*u - 42, 37*x - 42*x + 3*u = -48. Suppose 3*v = 5*v - 76. Suppose v = -3*a + 4*a. What is the remainder when a is divided by x?
2
Suppose 0 = -15*g - 3*g + 1566. What is the remainder when 296 is divided by g?
35
Let h(q) = q**3 + 2*q**2 - 13*q + 15. Let p be h(-5). Suppose 4*v - w = 28, -3*v = -7*v - p*w + 4. What is the remainder when 11 is divided by v?
5
Let p(o) = 3*o**2 - 1. Let i be p(1). Suppose 41 = i*g - j, 2*j + 3*j - 117 = -4*g. What is the remainder when 78 is divided by g?
9
Suppose -5*a + 3*g = -2*g + 5, g - 6 = 2*a. What is the remainder when 105/10 - (-3)/6 is divided by 11/(-55) + (-16)/a?
2
Suppose -27*k + 472 - 175 = 0. Let p be 3/(0 + -3)*-30. Suppose 13 + p = x. Calculate the remainder when x is divided by k.
10
Let z be 4/(-8)*9*48/9. Calculate the remainder when z/(-9)*(-810)/(-72) is divided by 6.
0
Let j = 108 - 67. Suppose -j - 35 = -2*h. Let b = h + -13. Calculate the remainder when 124 is d